{"id":1273,"date":"2018-06-19T10:13:08","date_gmt":"2018-06-19T10:13:08","guid":{"rendered":"https:\/\/www.lacrimabaccus.com\/weingut\/fundada-en-1890-es-una-de-las-bodegas-mas-antiguas-del-penedes\/"},"modified":"2018-10-17T08:58:54","modified_gmt":"2018-10-17T08:58:54","slug":"das-lacrima-baccus-weingut-wurde-1890-gegruendet-und-ist-ein-der-aeltesten-kellerei-im-penedes","status":"publish","type":"page","link":"https:\/\/www.lacrimabaccus.com\/de\/weingut\/das-lacrima-baccus-weingut-wurde-1890-gegruendet-und-ist-ein-der-aeltesten-kellerei-im-penedes\/","title":{"rendered":"Das Lacrima Baccus Weingut wurde 1890 gegr\u00fcndet und ist ein der \u00e4ltesten Kellerei im Pened\u00e8s."},"content":{"rendered":"<p><i>Zweifellos hat die tausendj\u00e4hrige und unerm\u00fcdliche Arbeit des Winzers die Weinanbaulandschaften der Herkunftsregionen <\/i><i>Pened\u00e8s <\/i><i>und <\/i><i>Cava<\/i><i> gepr\u00e4gt, und es ist ebenso wahr, dass die Betrachtung unserer Weinbergparzellen <\/i><i>einen Charme im Unbewussten verursacht. <\/i><\/p>\n<p><i>Diese <\/i><i>weckt starke und unvergessliche Emotionen aufgrund seiner charakteristischen Lage und seiner Steinh\u00e4user, die sich nicht am Horizont <\/i><i>abzeichnen. Diese <\/i><i>enge Verbindung Mensch &#8211; Weinberge nimmt Form an, wenn wir denken, dass die Wertsch\u00e4tzung eines Weines etwas rein Subjektives ist <\/i><i>und inh\u00e4rent <\/i><i>f\u00fcr unsere Erfahrungen und Wahrnehmungen<\/i><i>. <\/i><i>Unser Ziel <\/i><i>ist, <\/i><i>dem Kunden unsere Gesch\u00e4ftsphilosophie n\u00e4her zu <\/i><i>bringen. Mit <\/i><i>Hingabe, Geduld und Innovation <\/i><i>produzieren wir unsere Produkte.<\/i><\/p>\n","protected":false},"excerpt":{"rendered":"<p>Zweifellos hat die tausendj\u00e4hrige und unerm\u00fcdliche Arbeit des Winzers die Weinanbaulandschaften der Herkunftsregionen Pened\u00e8s und Cava gepr\u00e4gt, und es ist ebenso wahr, dass die Betrachtung unserer Weinbergparzellen einen Charme im Unbewussten verursacht. Diese weckt starke und unvergessliche Emotionen aufgrund seiner charakteristischen Lage und seiner Steinh\u00e4user, die sich nicht am Horizont abzeichnen. Diese enge Verbindung Mensch [&hellip;]<\/p>\n","protected":false},"author":1,"featured_media":1262,"parent":1178,"menu_order":0,"comment_status":"closed","ping_status":"closed","template":"","meta":{"_acf_changed":false,"footnotes":""},"premio":[],"class_list":["post-1273","page","type-page","status-publish","has-post-thumbnail","hentry"],"acf":[],"aioseo_notices":[],"_links":{"self":[{"href":"https:\/\/www.lacrimabaccus.com\/de\/wp-json\/wp\/v2\/pages\/1273","targetHints":{"allow":["GET"]}}],"collection":[{"href":"https:\/\/www.lacrimabaccus.com\/de\/wp-json\/wp\/v2\/pages"}],"about":[{"href":"https:\/\/www.lacrimabaccus.com\/de\/wp-json\/wp\/v2\/types\/page"}],"author":[{"embeddable":true,"href":"https:\/\/www.lacrimabaccus.com\/de\/wp-json\/wp\/v2\/users\/1"}],"replies":[{"embeddable":true,"href":"https:\/\/www.lacrimabaccus.com\/de\/wp-json\/wp\/v2\/comments?post=1273"}],"version-history":[{"count":1,"href":"https:\/\/www.lacrimabaccus.com\/de\/wp-json\/wp\/v2\/pages\/1273\/revisions"}],"predecessor-version":[{"id":1280,"href":"https:\/\/www.lacrimabaccus.com\/de\/wp-json\/wp\/v2\/pages\/1273\/revisions\/1280"}],"up":[{"embeddable":true,"href":"https:\/\/www.lacrimabaccus.com\/de\/wp-json\/wp\/v2\/pages\/1178"}],"wp:featuredmedia":[{"embeddable":true,"href":"https:\/\/www.lacrimabaccus.com\/de\/wp-json\/wp\/v2\/media\/1262"}],"wp:attachment":[{"href":"https:\/\/www.lacrimabaccus.com\/de\/wp-json\/wp\/v2\/media?parent=1273"}],"wp:term":[{"taxonomy":"premio","embeddable":true,"href":"https:\/\/www.lacrimabaccus.com\/de\/wp-json\/wp\/v2\/premio?post=1273"}],"curies":[{"name":"wp","href":"https:\/\/api.w.org\/{rel}","templated":true}]}}

Das Lacrima Baccus Weingut wurde 1890 gegründet und ist ein der ältesten Kellerei im Penedès.

<p><i>Zweifellos hat die tausendjährige und unermüdliche Arbeit des Winzers die Weinanbaulandschaften der Herkunftsregionen </i><i>Penedès </i><i>und </i><i>Cava</i><i> geprägt, und es ist ebenso wahr, dass die Betrachtung unserer Weinbergparzellen </i><i>einen Charme im Unbewussten verursacht. </i></p>
<p><i>Diese </i><i>weckt starke und unvergessliche Emotionen aufgrund seiner charakteristischen Lage und seiner Steinhäuser, die sich nicht am Horizont </i><i>abzeichnen. Diese </i><i>enge Verbindung Mensch &#8211; Weinberge nimmt Form an, wenn wir denken, dass die Wertschätzung eines Weines etwas rein Subjektives ist </i><i>und inhärent </i><i>für unsere Erfahrungen und Wahrnehmungen</i><i>. </i><i>Unser Ziel </i><i>ist, </i><i>dem Kunden unsere Geschäftsphilosophie näher zu </i><i>bringen. Mit </i><i>Hingabe, Geduld und Innovation </i><i>produzieren wir unsere Produkte.</i></p>

<p>Zweifellos hat die tausendjährige und unermüdliche Arbeit des Winzers die Weinanbaulandschaften der Herkunftsregionen Penedès und Cava geprägt, und es ist ebenso wahr, dass die Betrachtung unserer Weinbergparzellen einen Charme im Unbewussten verursacht. Diese weckt starke und unvergessliche Emotionen aufgrund seiner charakteristischen Lage und seiner Steinhäuser, die sich nicht am Horizont abzeichnen. Diese enge Verbindung Mensch [&hellip;]</p>
